)/b?
3
Suppose -j = 3*s - 800, -4*s + 138 + 929 = j. What is the hundreds digit of s?
2
Let g be (-8)/2 - (-1 - 1). Suppose 2 = -3*t - 1. Let q = t - g. What is the units digit of q?
1
Let h be (4 + 0)*(-18)/24. Let r be (-24)/((-3)/h*1). Let j = r + 37. What is the tens digit of j?
1
Suppose -2*r = 8, 0 = 5*t + r - 588 - 18. What is the units digit of t?
2
Let c(v) = -v**3 + 6*v**2 + v - 2. What is the units digit of c(5)?
8
Suppose 0 = -0*v + 3*v - 9. Suppose 0*q = q - 4*n - 19, -v*q + 3*n + 30 = 0. What is the units digit of q?
7
Suppose -4*q + 5*r - 16 = 0, 5*q + 3*r - 21 = -r. What is the units digit of q?
1
Let n(u) = -2*u**2 - u. Let l be n(-2). What is the tens digit of (-158)/l + 8/(-24)?
2
Let r(u) = -u**3 - 10*u**2 - 4*u - 10. Suppose 2 + 8 = -z. What is the tens digit of r(z)?
3
Suppose 17*z - 22*z + 305 = 0. What is the units digit of z?
1
Suppose -4*u - 3179 = -21*u. What is the tens digit of u?
8
Let b(i) = -2*i + 5. Let z be b(-4). Let n(m) = -m - 9. Let t be n(-12). Let h = z + t. What is the tens digit of h?
1
Let l = -15 + 23. Suppose -s = 3*s - l. What is the units digit of s?
2
Let y(d) = d**2. Let z be y(-4). Suppose 4*g - z = -0*g. Suppose o + 0 = -g*a + 9, 0 = -2*a - 4*o - 6. What is the units digit of a?
3
Let c = 28 - -63. Let j = c - 53. What is the tens digit of j?
3
Suppose 12*o + 810 = 18*o. What is the units digit of o?
5
Let a = 67 - 54. What is the units digit of a?
3
Suppose 6 = 3*j + 18. Let v = 7 + j. Suppose v = 4*l - 3*l. What is the units digit of l?
3
Let t(f) = 6*f + f - 3*f + 4*f - f**2 + 7. Let c be t(7). What is the tens digit of 440/28 + 4/c?
1
Let v(c) = c**2 - 9*c + 5. What is the units digit of v(11)?
7
Suppose 4*o - 3*s - 22 = -s, -s = 3*o - 24. Suppose -m + o = -2. What is the units digit of m?
9
Let w(t) = -t**3 - 6*t**2 + 8*t + 9. Let u be w(-7). Suppose -u*d = -y - 2 - 7, 3*d - 15 = 2*y. What is the units digit of d?
3
Let i be ((-10)/(-8))/(8/32). Suppose -39 = -2*c + 5*a - 6*a, -5*c + i*a + 60 = 0. What is the tens digit of c?
1
Let f(r) = r**3 - 2*r**2 - 3*r + 2. Let i be f(2). Suppose 4*h + 1 = -3. Let w = h - i. What is the units digit of w?
3
Let k be 3/(-4) - (-1)/(-4). Let u be (8 - 6) + 2 + 0. What is the units digit of ((-22)/u)/(k/2)?
1
Let j be (-2 + (-6)/(-4))*6. Let t be 10*j*(1 - 2). Suppose 5*a = 6*l - 11*l + t, 5*l - 5*a - 50 = 0. What is the units digit of l?
8
Let k = 5 + -4. What is the units digit of k?
1
Suppose 4*z - 2*p = -0*p + 140, -3*z - p + 95 = 0. Suppose -t = 2*x - 0*t + z, 4*t = 3*x + 33. What is the units digit of x/2*(-2)/3?
5
Let b(m) = -2*m - 10. Let o be 3 - ((-28)/(-2) - 2). What is the units digit of b(o)?
8
Suppose -3*s - 52 = -4*s. What is the tens digit of s?
5
Let k(g) = g**2 - 10*g - 79. What is the units digit of k(23)?
0
Let r = -147 - -213. What is the tens digit of r?
6
Suppose -2*p = x - 4*p + 14, -4*x = -5*p + 53. Let q be 1 + (x/(-2) - 2). Suppose 3*d - 15 = -3*g, -q*d + 0*d + 21 = 4*g. What is the units digit of d?
1
What is the tens digit of (-6809)/(-99) - 4/(-18)?
6
Suppose 5*b - 10 = 20. Suppose b = 2*x - 0. What is the units digit of x?
3
Suppose -191 = -2*z - g, 2*z - 5*g - 166 = -g. What is the tens digit of z?
9
Suppose 4 = -0*y + y. Suppose -2*i - i + 67 = 2*v, 0 = 3*i + y*v - 59. What is the units digit of i?
5
Suppose -4*s - 25 - 31 = 0. What is the units digit of s/3*(-12)/8?
7
Let c(u) = u + 15. What is the units digit of c(-12)?
3
Let h(v) = v**3 - v**2. Let g be h(0). Suppose 3*b - 2*b + 4 = g. What is the tens digit of 344/28 + b/14?
1
Let t(j) = -j. Let s(g) = 2*g + 7. Let n(a) = s(a) + 3*t(a). What is the tens digit of n(-6)?
1
Let w(x) = 10*x + 23. What is the hundreds digit of w(11)?
1
Let j be 3/((-2)/4 - -2). Suppose k - j + 1 = 0. What is the units digit of k - 5 - -1 - -10?
7
Suppose 0 = -3*j + i + 50, 0*j + 2*j - 2*i - 28 = 0. What is the units digit of j?
8
Let k = 6 + 1. Suppose -5*x - 2 + k = 0. What is the units digit of x?
1
Let l = 3 + -3. Suppose u + 5*b = 1, 20 = -l*u + 4*u + 4*b. What is the units digit of u?
6
Let n(j) = -3*j - 5. Let o be n(-3). Suppose 0*q = o*q + 5*z - 56, 14 = q - 2*z. What is the units digit of q?
4
Suppose 0 = 4*j - 84 + 8. What is the units digit of j?
9
Let a(b) = -7*b - 3. Let p(g) = -1. Let t(v) = -a(v) - p(v). Let h(s) = -8*s - 4. Let n(m) = -2*h(m) - 3*t(m). What is the units digit of n(-3)?
1
What is the tens digit of (66/(-12) - -5)*(-113 + 1)?
5
Let g(i) = 96*i. Let t be g(1). Suppose 0 = -2*w + 5*w - t. What is the tens digit of w?
3
Let h = 13 - -50. Suppose h = i + 2*i. What is the tens digit of i?
2
Let v(u) = u**3 - u**2 - 30. Let a be v(0). What is the units digit of (-385)/a - (-1)/6?
3
Suppose 4*r + 0*r + 4*p - 120 = 0, 0 = -2*r - 3*p + 57. What is the units digit of r?
3
Suppose -m = -2, -m - 18 = -2*u - 3*u. What is the units digit of u?
4
Let j(m) = -m**2 - 1. Let o be j(1). What is the units digit of 12 - 9 - 4/o?
5
Let b(a) = a - 2. Let f be b(2). Suppose -g = 2*d - 4, -3*g + 0*g + 2*d + 28 = f. What is the units digit of g?
8
Suppose 0 = t - 6*t + 4720. Suppose 0 = u - 2*f + 192, -3*f = -5*u - f - t. What is the units digit of (-4)/(-14) - u/28?
7
Suppose -2*p - 4*l = -24, 7*l - 16 = 3*l. Suppose 5*q - 14 + p = 0. Let z = 3 - q. What is the units digit of z?
1
Let w = -5 + 0. Let k be w*3*(-1 - 0). What is the units digit of k/2 - 4/(-8)?
8
Let u(a) = -3 + 3 + 5*a. Let l be u(2). Suppose -5*y = -l - 0. What is the units digit of y?
2
Let g be 2/8 - 3/12. Suppose g = 3*w - 4*j - 47, -6*w - 5*j = -2*w - 42. What is the tens digit of w?
1
Let c(s) = 1. Let r(q) = -q + 3. Let l(k) = -c(k) + r(k). Let x be l(-2). Suppose 24 + 20 = x*g. What is the tens digit of g?
1
Suppose -3*z = -20 - 4. Suppose 3*s - z = 4*h - 82, 0 = h + 3*s - 11. What is the tens digit of h?
1
Let v be (-8)/(-10)*10/4. Let c be (-109)/v + (-1)/2. What is the units digit of 10/c + (-35)/(-11)?
3
Suppose 0 = -85*i + 86*i - 113. What is the hundreds digit of i?
1
What is the tens digit of ((-112)/40)/((-2)/10)?
1
Suppose 5*x + 0*x = 3*z - 217, -3*x = -2*z + 144. What is the units digit of z?
9
Let h(w) = -w**2 + 11*w - 9. What is the units digit of h(6)?
1
Let g(s) = -5*s**2 + 8*s + 1. Let a(c) = 14*c**2 - 23*c - 4. Let l = -7 - -3. Let y(d) = l*a(d) - 11*g(d). What is the units digit of y(4)?
5
Let h be ((-1)/2)/((-1)/(-170)). Let q = 124 + h. What is the tens digit of q?
3
Let k(n) be the first derivative of 14*n**3/3 + n**2 + n - 2. What is the tens digit of k(-1)?
1
Let c(l) = 1 + 4*l - l - 4 - l**2. Let x be c(3). What is the units digit of (-32)/x - 4/6?
0
Let q(i) be the first derivative of -i**4/12 - 5*i**3/6 + 3*i**2/2 - 2*i - 2. Let r(y) be the first derivative of q(y). What is the units digit of r(-5)?
3
Let c = 18 + -14. What is the units digit of c?
4
Let w(k) = -k**3 - 4*k**2 + 4*k + 3. Let i be w(-5). Let y = 76 - 51. Suppose -f = -y + i. What is the units digit of f?
7
Let f(m) = m**3 + 2*m**2 - 4*m - 4. Let k be f(-3). Let a = 3 + k. What is the units digit of a?
2
Let q be (6/5)/((-5)/50). What is the units digit of (-8 + 6)/(1/q)?
4
Suppose 3*t + 2*y - 5 = 0, t - 4*y = -4*t + 23. Suppose 0 = -3*g - d + 79, 0 = t*g - 2*d - d - 87. What is the tens digit of g?
2
Suppose 2 + 1 = -3*v. Let j = 1 - v. What is the units digit of j?
2
Suppose 7*s - 130 = 2*s. Suppose 4*h - 26 = 4*n - 10, 5*h = 2*n + s. What is the units digit of h?
6
Let t(j) = 4*j**2 - 3*j**2 + 4*j - 11 + 5*j. Let k be t(-9). Let n = k - -19. What is the units digit of n?
8
Let l(w) = w**2 - 9*w + 6. Let v be l(6). What is the units digit of (-83)/(-4) - v/(-16)?
0
Let k(c) = 3*c**2 - 4*c - 8. Let o(t) = -2*t**2 + 5*t + 7. Let p(z) = -3*k(z) - 4*o(z). Let n = -24 + 17. What is the units digit of p(n)?
3
Let r be (1/2)/(4/8). Let g be 13 - r - (-2 - -4). Let b = 25 - g. What is the units digit of b?
5
Let s(z) = -15*z + 25. Let u(v) = 8*v - 13. Let h(t) = -6*s(t) - 11*u(t). Let f be h(7). Let m = 1 + f. What is the units digit of m?
8
Let r be 2 - (-3 - -3) - -4. Suppose r*i = i + 45. What is the units digit of i?
9
Let y = 427 - 152. What is the units digit of y?
5
Suppose -147 + 648 = 4*l - 5*t, -3*l + 372 = -3*t. What is the units digit of l?
9
Let p(h) = 2*h**2 + 5*h - 4. Let k be p(-4). Let z be -7 - (2 - 25/5